{"id":19,"date":"2016-10-25T21:14:50","date_gmt":"2016-10-25T21:14:50","guid":{"rendered":"http:\/\/sssstarapazova.org\/new\/?page_id=19"},"modified":"2018-04-12T02:39:49","modified_gmt":"2018-04-12T01:39:49","slug":"radno-pravna-problematika","status":"publish","type":"page","link":"http:\/\/sssstarapazova.org\/new\/pravo\/obrazovanje\/radno-pravna-problematika\/","title":{"rendered":"Radno pravna problematika"},"content":{"rendered":"<p><a href=\"http:\/\/sssstarapazova.org\/new\/wp-content\/uploads\/2018\/04\/ZAKON-O-NOKSu.pdf\" target=\"_blank\"><strong><span style=\"color: #0000ff;\">\u00a0Zakon o nacionalnom okviru\u00a0 kvalifikacija Srbije<\/span><\/strong><\/a><\/p>\n<p><a href=\"http:\/\/sssstarapazova.org\/new\/wp-content\/uploads\/2018\/04\/ZAKON-O-UDzBENICIMA.pdf\" target=\"_blank\"><span style=\"color: #0000ff;\"><strong>\u00a0Zakon\u00a0\u00a0 o ud\u017ebenicima<\/strong><\/span><\/a><\/p>\n<p><a href=\"http:\/\/sssstarapazova.org\/new\/wp-content\/uploads\/2018\/04\/Zakon-o-prosvetnoj-inspekciji.pdf\" target=\"_blank\"><strong><span style=\"color: #0000ff;\">Zakon o\u00a0prosvetnoj inspekciji<\/span><\/strong><\/a><\/p>\n<p><a href=\"http:\/\/sssstarapazova.org\/new\/wp-content\/uploads\/2016\/10\/Disciplinske_mere_i_postupak_za_utvrdjivanje_odgovornosti_zaposlenog_za_povredu_radne_obaveze.pdf\" target=\"_blank\"><strong>Disciplinske mere i <span style=\"color: #0000ff;\">postupak za\u00a0<\/span> utvrdjivanje odgovornosti zaposlenog za povredu radne obaveze<\/strong><\/a><\/p>\n<p><a href=\"http:\/\/sssstarapazova.org\/new\/wp-content\/uploads\/2016\/10\/Izricanje_disciplniske_mere_prestanka_radnog_odnosa_zaposlenom_u_ustanovi_obrazovanja_i_vaspitanja.pdf\" target=\"_blank\"><strong>Izricanje disciplniske mere prestanka radnog odnosa zaposlenom u ustanovi obrazovanja i vaspitanja<\/strong><\/a><\/p>\n<p><a href=\"http:\/\/sssstarapazova.org\/new\/wp-content\/uploads\/2016\/10\/Izricanje_disciplniske_mere_zaposlenim_u_ustanovama_obrazovanja_i_vaspitanja.pdf\" target=\"_blank\"><strong>Izricanje disciplniske mere zaposlenim u ustanovama obrazovanja i vaspitanja<\/strong><\/a><\/p>\n<p><a href=\"http:\/\/sssstarapazova.org\/new\/wp-content\/uploads\/2016\/10\/Nacin_i_uslovi_prestanka_radnog_odnosa_zaposlenima.pdf\" target=\"_blank\"><strong>Nacin i uslovi prestanka radnog odnosa zaposlenima<\/strong><\/a><\/p>\n<p><a href=\"http:\/\/sssstarapazova.org\/new\/wp-content\/uploads\/2016\/10\/Uslovi_za_prestanak_radnog_odnosa_nastavnika.pdf\" target=\"_blank\"><strong>Prestanak radnog odnosa nastavnika<\/strong><\/a><\/p>\n<p><a href=\"http:\/\/sssstarapazova.org\/new\/wp-content\/uploads\/2016\/10\/Prestanak_radnog_odnosa_protiv_volje_zaposlenog.pdf\" target=\"_blank\"><strong>Prestanak radnog odnosa protiv volje zaposlenog<\/strong><\/a><\/p>\n<p><a href=\"http:\/\/sssstarapazova.org\/new\/wp-content\/uploads\/2016\/10\/Propisivanje_laksih_povreda_radnih_obaveza_zaposlenih_u_ustanovama_obrazovanja_i_vaspitanja.pdf\" target=\"_blank\"><strong>Propisivanje laksih povreda radnih obaveza zaposlenih u ustanovama obrazovanja i vaspitanja<\/strong><\/a><\/p>\n<p><a href=\"http:\/\/sssstarapazova.org\/new\/wp-content\/uploads\/2016\/10\/Slucajevi_prestanka_radnog_odnosa_otkazom_ugovora_o_radu.pdf\" target=\"_blank\"><strong>Slucajevi prestanka radnog odnosa otkazom ugovora o radu<\/strong><\/a><\/p>\n<p><a href=\"http:\/\/sssstarapazova.org\/new\/wp-content\/uploads\/2016\/10\/Udaljenje_sa_rada_nastavnika.pdf\" target=\"_blank\"><strong>Udaljenje sa rada nastavnika<\/strong><\/a><\/p>\n<p><a href=\"http:\/\/sssstarapazova.org\/new\/wp-content\/uploads\/2016\/10\/Udaljenje_sa_rada_zaposlenog_kome_je_odredjen_pritvor.pdf\" target=\"_blank\"><strong>Udaljenje sa rada zaposlenog kome je odredjen pritvor<\/strong><\/a><\/p>\n<p><a href=\"http:\/\/sssstarapazova.org\/new\/wp-content\/uploads\/2016\/10\/Uslovi_za_prestanak_radnog_odnosa_nastavnika.pdf\" target=\"_blank\"><strong>Uslovi za prestanak radnog odnosa nastavnika<\/strong><\/a><\/p>\n<p><a href=\"http:\/\/sssstarapazova.org\/new\/wp-content\/uploads\/2016\/11\/ZAKON-O-NA\u010cINU-ODRE\u0110IVANJA-MAKSIMALNOG-BROJA-ZAPOSLENIH-U-JAVNOM-SEKTORU.pdf\" target=\"_blank\"><strong>Zakon o na\u010dinu odredjivanja maksimalnog broja zaposlenih u javnom sektoru<\/strong><\/a><\/p>\n<p><a href=\"http:\/\/sssstarapazova.org\/new\/wp-content\/uploads\/2016\/11\/Uputstvo-za-otpremnine-24.02.2016.pdf\" target=\"_blank\"><strong>Uputstvo za otpremnine\u00a024.02.2016<\/strong><\/a><\/p>\n<p><a href=\"http:\/\/sssstarapazova.org\/new\/wp-content\/uploads\/2016\/11\/TF-8.pdf\" target=\"_blank\"><strong>Stru\u010dno uputstvo o na\u010dinu izrade \u0161kolske dokumentacije<\/strong><\/a><\/p>\n","protected":false},"excerpt":{"rendered":"<p>\u00a0Zakon o nacionalnom okviru\u00a0 kvalifikacija Srbije \u00a0Zakon\u00a0\u00a0 o ud\u017ebenicima Zakon o\u00a0prosvetnoj inspekciji Disciplinske mere i postupak za\u00a0 utvrdjivanje odgovornosti zaposlenog za povredu radne obaveze Izricanje disciplniske mere prestanka radnog odnosa zaposlenom u ustanovi obrazovanja i vaspitanja Izricanje disciplniske mere zaposlenim <span class=\"excerpt-dots\">&hellip;<\/span> <a class=\"more-link\" href=\"http:\/\/sssstarapazova.org\/new\/pravo\/obrazovanje\/radno-pravna-problematika\/\"><span class=\"more-msg\">Continue reading &rarr;<\/span><\/a><\/p>\n","protected":false},"author":1,"featured_media":0,"parent":17,"menu_order":0,"comment_status":"closed","ping_status":"closed","template":"","meta":{"footnotes":""},"class_list":["post-19","page","type-page","status-publish","hentry"],"_links":{"self":[{"href":"http:\/\/sssstarapazova.org\/new\/wp-json\/wp\/v2\/pages\/19","targetHints":{"allow":["GET"]}}],"collection":[{"href":"http:\/\/sssstarapazova.org\/new\/wp-json\/wp\/v2\/pages"}],"about":[{"href":"http:\/\/sssstarapazova.org\/new\/wp-json\/wp\/v2\/types\/page"}],"author":[{"embeddable":true,"href":"http:\/\/sssstarapazova.org\/new\/wp-json\/wp\/v2\/users\/1"}],"replies":[{"embeddable":true,"href":"http:\/\/sssstarapazova.org\/new\/wp-json\/wp\/v2\/comments?post=19"}],"version-history":[{"count":21,"href":"http:\/\/sssstarapazova.org\/new\/wp-json\/wp\/v2\/pages\/19\/revisions"}],"predecessor-version":[{"id":3716,"href":"http:\/\/sssstarapazova.org\/new\/wp-json\/wp\/v2\/pages\/19\/revisions\/3716"}],"up":[{"embeddable":true,"href":"http:\/\/sssstarapazova.org\/new\/wp-json\/wp\/v2\/pages\/17"}],"wp:attachment":[{"href":"http:\/\/sssstarapazova.org\/new\/wp-json\/wp\/v2\/media?parent=19"}],"curies":[{"name":"wp","href":"https:\/\/api.w.org\/{rel}","templated":true}]}}