{"id":10,"date":"2016-10-25T21:09:34","date_gmt":"2016-10-25T21:09:34","guid":{"rendered":"http:\/\/sssstarapazova.org\/new\/?page_id=10"},"modified":"2025-02-02T16:31:49","modified_gmt":"2025-02-02T15:31:49","slug":"opsti-zakoni","status":"publish","type":"page","link":"http:\/\/sssstarapazova.org\/new\/pravo\/opsti-zakoni\/","title":{"rendered":"Op\u0161ti Zakoni Uredbe i pravilnici"},"content":{"rendered":"<p><a href=\"http:\/\/sssstarapazova.org\/new\/wp-content\/uploads\/2017\/09\/Ustav-Republike-Srbije.pdf\" target=\"_blank\" rel=\"noopener\"><strong>Ustav Republike Srbije<\/strong><\/a><\/p>\n<p><a href=\"http:\/\/sssstarapazova.org\/new\/wp-content\/uploads\/2016\/10\/ZAKON-O-RADU_2014.pdf\" target=\"_blank\" rel=\"noopener\"><strong>Zakon o radu<\/strong><\/a><\/p>\n<p><a href=\"http:\/\/sssstarapazova.org\/new\/wp-content\/uploads\/2016\/10\/KOMENTAR-IZMENA-I-DOPUNA-ZAKONA-O-RADU-septembar-2014..pdf\" target=\"_blank\" rel=\"noopener\"><strong>Komentar izmena i dopuna Zakona o radu, septembar\u00a0 2014.<\/strong><\/a><\/p>\n<p><a href=\"http:\/\/sssstarapazova.org\/new\/wp-content\/uploads\/2018\/02\/katalog-radnih-mesta-novo.pdf\" target=\"_blank\" rel=\"noopener\"><strong>Katalog radnih mesta u javnim slu\u017ebama<\/strong><\/a><\/p>\n<p><a href=\"http:\/\/sssstarapazova.org\/new\/wp-content\/uploads\/2016\/10\/Zakon-o-bezbednosti-i-zdravlju-na-radu.pdf\" target=\"_blank\" rel=\"noopener\"><strong>Zakon o bezbednosti i zdravlju na radu<\/strong><\/a><\/p>\n<p><a href=\"http:\/\/sssstarapazova.org\/new\/wp-content\/uploads\/2016\/10\/\u0417akon-o-zdravstvenom-osiguranju.pdf\" target=\"_blank\" rel=\"noopener\"><strong>Zakon o zdravstvenom osiguranju<\/strong><\/a><\/p>\n<p><a href=\"http:\/\/sssstarapazova.org\/new\/wp-content\/uploads\/2016\/10\/Zakon-o-penzijskom-i-invalidskom-osiguranju.pdf\" target=\"_blank\" rel=\"noopener\"><strong>Zakon o penzijskom i invalidskom osiguranju<\/strong><\/a><\/p>\n<p><a href=\"http:\/\/sssstarapazova.org\/new\/wp-content\/uploads\/2016\/10\/Zakon-o-sprecavanju-zlostavljanja-na-radu.pdf\" target=\"_blank\" rel=\"noopener\"><strong>Zakon o spre\u010davanju zlostavljanja na radu<\/strong><\/a><\/p>\n<p><a href=\"http:\/\/sssstarapazova.org\/new\/wp-content\/uploads\/2025\/02\/Zakon-o-strajku_0.pdf\" target=\"_blank\" rel=\"noopener\"><strong>Zakon o \u0161trajku<\/strong><\/a><\/p>\n<p><a href=\"http:\/\/sssstarapazova.org\/new\/wp-content\/uploads\/2016\/10\/ZAKON_O_STECAJU.pdf\" target=\"_blank\" rel=\"noopener\"><strong>Zakon o ste\u010daju<\/strong><\/a><\/p>\n<p><a href=\"http:\/\/sssstarapazova.org\/new\/wp-content\/uploads\/2016\/10\/ZAKON_O_SRECAVANJU_DISKRIMINACIJE_OSOBA_SA_INVALIDITETOM.pdf\" target=\"_blank\" rel=\"noopener\"><strong>Zakon o spre\u010davanju diskriminacije osoba sa invaliditetom<\/strong><\/a><\/p>\n<p><a href=\"http:\/\/sssstarapazova.org\/new\/wp-content\/uploads\/2016\/10\/ZAKON_O_RAVNOPRAVNOSTI_POLOVA.pdf\" target=\"_blank\" rel=\"noopener\"><strong>Zakon o ravnopravnosti polova<\/strong><\/a><\/p>\n<p><a href=\"http:\/\/sssstarapazova.org\/new\/wp-content\/uploads\/2016\/10\/Zakon_o_profesionalnoj_rehabilitaciji_i_zaposljavanju_osoba_sa_invaliditetom.pdf\" target=\"_blank\" rel=\"noopener\"><strong>Zakon o profesionalnoj rehabilitaciji i zapo\u0161ljavanju osoba sa invaliditetom<\/strong><\/a><\/p>\n<p><a href=\"http:\/\/sssstarapazova.org\/new\/wp-content\/uploads\/2016\/10\/Zakon_o_zaposljavanju_i_osiguranju_za_slucaj_nezaposlenosti.pdf\" target=\"_blank\" rel=\"noopener\"><strong>Zakon o zapo\u0161ljavanju i osiguranju za slu\u010daj nezaposlenosti<\/strong><\/a><\/p>\n<p><a href=\"http:\/\/sssstarapazova.org\/new\/wp-content\/uploads\/2016\/10\/Zakon-o-okupljanju-gradjana.pdf\" target=\"_blank\" rel=\"noopener\"><strong>Zakon o okupljanju gradjana<\/strong><\/a><\/p>\n<p><a href=\"http:\/\/sssstarapazova.org\/new\/wp-content\/uploads\/2016\/11\/\u0417\u0430\u043a\u043e\u043d_\u043e_\u0458\u0430\u0432\u043d\u043e\u043c_\u043e\u043a\u0443\u043f\u0459\u0430\u045a\u0443.pdf\" target=\"_blank\" rel=\"noopener\"><b>Zakon o javnom okupljanju<\/b><\/a><\/p>\n<p><a href=\"http:\/\/sssstarapazova.org\/new\/wp-content\/uploads\/2016\/10\/Zakon_o_socijalno-ekonomskom_savetu.pdf\" target=\"_blank\" rel=\"noopener\"><strong>Zakon o socijalno-ekonomskom savetu<\/strong><\/a><\/p>\n<p><a href=\"http:\/\/sssstarapazova.org\/new\/wp-content\/uploads\/2018\/08\/Zakon_o_mirnom_resavanju_radnih_sporova_pre\u010di\u0161\u0107en-tekst.pdf\" target=\"_blank\" rel=\"noopener\"><strong>Zakon o mirnom re\u0161avanju radnih sporova<\/strong><\/a><\/p>\n<p><a href=\"http:\/\/sssstarapazova.org\/new\/wp-content\/uploads\/2016\/10\/Zakon_O_Volontiranju.pdf\" target=\"_blank\" rel=\"noopener\"><strong>Zakon o volontiranju<\/strong><\/a><\/p>\n<p><a href=\"http:\/\/sssstarapazova.org\/new\/wp-content\/uploads\/2016\/10\/Zakon-o-radnim-odnosima-za-strance.pdf\" target=\"_blank\" rel=\"noopener\"><strong>Zakon o radnim odnosima za strance<\/strong><\/a><\/p>\n<p><a href=\"http:\/\/sssstarapazova.org\/new\/wp-content\/uploads\/2016\/10\/Zakon-o-zastiti-srpskih-drzavljana-u-inostranstvu.pdf\" target=\"_blank\" rel=\"noopener\"><strong>Zakon o za\u0161titi srpskih dr\u017eavljana u inostranstv<\/strong><strong>u<\/strong><\/a><\/p>\n<p><a href=\"http:\/\/sssstarapazova.org\/new\/wp-content\/uploads\/2016\/10\/Zakon_pribavljanje_koriscenje_inostranih_sredstava.pdf\" target=\"_blank\" rel=\"noopener\"><strong>Zakon o pribavljanju i kori\u0161\u0107enju inostranih sredstava za pove\u0107anje zaposlenosti i zapo\u0161ljavanje povratnika sa rada iz inostranstva<\/strong><\/a><\/p>\n<p><a href=\"http:\/\/sssstarapazova.org\/new\/wp-content\/uploads\/2016\/11\/Zakon-o-evidenciji_u_oblasti_rada.pdf\" target=\"_blank\" rel=\"noopener\"><strong>Zakon o evidenciji u oblasti rada<\/strong><\/a><\/p>\n<p><a href=\"http:\/\/sssstarapazova.org\/new\/wp-content\/uploads\/2016\/10\/Zakon_o_utvrdjivanju_maksimalne_zarade_u_javnom_sektoru.pdf\" target=\"_blank\" rel=\"noopener\"><strong>Zakon o utvrdjivanju maksimalne zarade u javnom sektoru<\/strong><\/a><\/p>\n<p><a href=\"http:\/\/sssstarapazova.org\/new\/wp-content\/uploads\/2016\/10\/Zakon_o_sprecavanju_sukoba_interesa_pri_vrsenju_javnih_funkcija031.pdf\" target=\"_blank\" rel=\"noopener\"><strong>Zakon o spre\u010davanju sukoba interesa prilikom vr\u0161enja javnih funkcija<\/strong><\/a><\/p>\n<p><a href=\"http:\/\/sssstarapazova.org\/new\/wp-content\/uploads\/2016\/10\/Zakon_o_pravima_radnika_za_cijim_je_radom_prestala_potreba1.pdf\" target=\"_blank\" rel=\"noopener\"><strong>Zakon o pravima radnika za cijim je radom prestala potreba<\/strong><\/a><\/p>\n<p><a href=\"http:\/\/sssstarapazova.org\/new\/wp-content\/uploads\/2016\/10\/Zakon_o_javnima_sluzbama1.pdf\" target=\"_blank\" rel=\"noopener\"><strong>Zakon o javnima sluzbama<\/strong><\/a><\/p>\n<p><a href=\"http:\/\/sssstarapazova.org\/new\/wp-content\/uploads\/2016\/10\/Zakon_o_posredovanju1.pdf\" target=\"_blank\" rel=\"noopener\"><strong>Zakon o posredovanju<\/strong><\/a><\/p>\n<p><a href=\"http:\/\/sssstarapazova.org\/new\/wp-content\/uploads\/2016\/10\/Zakon_o_udruzenjima1.pdf\" target=\"_blank\" rel=\"noopener\"><strong>Zakon o udruzenjima<\/strong><\/a><\/p>\n<p><a href=\"http:\/\/sssstarapazova.org\/new\/wp-content\/uploads\/2016\/10\/Zakon_o_drustvenim_organizacijama_i_udruzenjima_gradjana1.pdf\" target=\"_blank\" rel=\"noopener\"><strong>Zakon o drustvenim organizacijama i udruzenjima gradjana<\/strong><\/a><\/p>\n<p><a href=\"http:\/\/sssstarapazova.org\/new\/wp-content\/uploads\/2016\/11\/ZAKON-O-NA\u010cINU-ODRE\u0110IVANJA-MAKSIMALNOG-BROJA-ZAPOSLENIH-U-JAVNOM-SEKTORU.pdf\" target=\"_blank\" rel=\"noopener\"><strong>Zakon o odredjivanju maksimalnog broja zaposlenih u javnom sektoru<\/strong><\/a><\/p>\n<p><a href=\"http:\/\/sssstarapazova.org\/new\/wp-content\/uploads\/2016\/11\/ZAKON-O-SISTEMU-PLATA-ZAPOSLENIH-U-JAVNOM-SEKTORU.pdf\" target=\"_blank\" rel=\"noopener\"><strong>Zakon o sistemu plata zaposlenih u javnom sektoru<\/strong><\/a><\/p>\n<p><a href=\"http:\/\/sssstarapazova.org\/new\/wp-content\/uploads\/2016\/11\/ZAKON-O-ZAPOSLENIJA-U-AP-I-JLU.pdf\" target=\"_blank\" rel=\"noopener\"><strong style=\"line-height: 20.8px;\">Zakon o\u00a0zaposlenima u autonomnim pokrajinama i jedinicama lokalne samouprave<\/strong><\/a><\/p>\n<p><a href=\"http:\/\/sssstarapazova.org\/new\/wp-content\/uploads\/2016\/11\/Uredba-o-naknadi-tro\u0161kova-i-otpremnini-dr\u017eavnih-slu\u017ebenika-i-name\u0161tenika.pdf\" target=\"_blank\" rel=\"noopener\"><b>Uredba o naknadi tro\u0161kova i otpremnini\u00a0dr\u017eavnih slu\u017ebenika i name\u0161tenika<\/b><\/a><\/p>\n<p><a href=\"http:\/\/sssstarapazova.org\/new\/wp-content\/uploads\/2017\/10\/Katalog-radnih-mesta-u-javnom-sektoru.pdf\" target=\"_blank\" rel=\"noopener\"><strong>Katalog radnih mesta u javnom sektoru<\/strong><\/a><\/p>\n<p><a href=\"http:\/\/sssstarapazova.org\/new\/wp-content\/uploads\/2018\/01\/Zakon-o-zaposlenima-u-Javnim-Sluzbama.pdf\" target=\"_blank\" rel=\"noopener\"><strong>Zakon o zaposlenima u Javnim S<\/strong><\/a><a href=\"http:\/\/sssstarapazova.org\/new\/wp-content\/uploads\/2018\/01\/Zakon-o-zaposlenima-u-Javnim-Sluzbama.pdf\" target=\"_blank\" rel=\"noopener\"><strong>lu\u017ebama<\/strong><\/a><\/p>\n<p><a href=\"http:\/\/sssstarapazova.org\/new\/wp-content\/uploads\/2018\/01\/Zakon-o-platama-sl.-i-nam.-u-organima-AP-i-JLSU.pdf\" target=\"_blank\" rel=\"noopener\"><strong>Zakon o platama\u00a0slu\u017ebenika i name\u0161tenika u organima Autonomne Pokrajine jedinice lokalne<\/strong> <strong>samouprave<\/strong><\/a><\/p>\n<p><strong><a href=\"http:\/\/sssstarapazova.org\/new\/wp-content\/uploads\/2018\/01\/Zakon-o-izmenama-i-dopunama-Zakona-o-zap.-u-AP-i-JLSU.pdf\" target=\"_blank\" rel=\"noopener\">Zakon o izmenama i dopunama Zakona o zaposlenima u Autonomnim Pokrajinama i jedinicama lokalne samouprave<\/a><\/strong><\/p>\n<p><a href=\"http:\/\/sssstarapazova.org\/new\/wp-content\/uploads\/2018\/01\/Zakon-o-izmenama-i-dopunama-Zakona-o-zap.-stranaca.pdf\" target=\"_blank\" rel=\"noopener\"><strong>Zakon o izmenama i dopunama Zakona o zapo\u0161ljavanju stranaca<\/strong><\/a><\/p>\n<p><a href=\"http:\/\/sssstarapazova.org\/new\/wp-content\/uploads\/2018\/01\/Zakon-o-izmenama-i-dopunama-Zakona-o-zap.-i-osig.-u-slucaju-nezaposl..pdf\" target=\"_blank\" rel=\"noopener\"><strong>Zakon o izmenama i dopunama Zakona o zapo\u0161ljavnju i osiguranju za slu\u010daj nezaposlenosti<\/strong><\/a><\/p>\n<p><a href=\"http:\/\/sssstarapazova.org\/new\/wp-content\/uploads\/2018\/01\/Zakon-o-izmenama-i-dopunama-Zakona-o-sistemu-plata-zap.-u-JSektoru.pdf\" target=\"_blank\" rel=\"noopener\"><strong>Zakon o izmenama i dopunama Zakona o sistemu plata zaposlenih u javnom sektoru<\/strong><\/a><\/p>\n<p><a href=\"http:\/\/sssstarapazova.org\/new\/wp-content\/uploads\/2018\/01\/Zakon-o-izmenama-i-dopunama-Zakona-o-radu.pdf\" target=\"_blank\" rel=\"noopener\"><strong>Zakon o izmenama i dopunama Zakona o radu<\/strong><\/a><\/p>\n<p><a href=\"http:\/\/sssstarapazova.org\/new\/wp-content\/uploads\/2018\/01\/Zakon-o-finansijskoj-podrsci-porodici-sa-decom.pdf\" target=\"_blank\" rel=\"noopener\"><strong>Zakon o finansijskoj podr\u0161ci porodici sa decom<\/strong><\/a><\/p>\n<p><a href=\"http:\/\/sssstarapazova.org\/new\/wp-content\/uploads\/2021\/10\/zakon_o_zabrani_diskriminacije.pdf\" target=\"_blank\" rel=\"noopener\">Zakon o zabrani diskriminacije<\/a><\/p>\n<p><a href=\"http:\/\/sssstarapazova.org\/new\/wp-content\/uploads\/2021\/09\/PRAVILNIK-O-JISP-u.docx\" target=\"_blank\" rel=\"noopener\"><strong>Pravilnik o JISP &#8211; u<\/strong><\/a><\/p>\n<p><a href=\"http:\/\/sssstarapazova.org\/new\/wp-content\/uploads\/2023\/11\/\u0423\u0440\u0435\u0434\u0431\u0430-\u043e-\u043a\u043e\u0435\u0444\u0438\u0446\u0438\u0458\u0435\u043d\u0442\u0438\u043c\u0430-\u0437\u0430-\u043e\u0431\u0440\u0430\u0447\u0443\u043d-\u0438-\u0438\u0441\u043f\u043b\u0430\u0442\u0443-\u043f\u043b\u0430\u0442\u0430-\u0437\u0430\u043f\u043e\u0441\u043b\u0435\u043d\u0438\u0445-\u0443-\u0458\u0430\u0432\u043d\u0438\u043c-\u0441\u043b\u0443\u0436\u0431\u0430\u043c\u0430_-44_2001-3_-15_2002-.pdf\"><strong>Uredba o koeficijentima\u00a0 za obra\u010dun i isplatu<\/strong><\/a><\/p>\n\n\n<p><\/p>\n","protected":false},"excerpt":{"rendered":"<p>Ustav Republike Srbije Zakon o radu Komentar izmena i dopuna Zakona o radu, septembar\u00a0 2014. Katalog radnih mesta u javnim slu\u017ebama Zakon o bezbednosti i zdravlju na radu Zakon o zdravstvenom osiguranju Zakon o penzijskom i invalidskom osiguranju Zakon o <span class=\"excerpt-dots\">&hellip;<\/span> <a class=\"more-link\" href=\"http:\/\/sssstarapazova.org\/new\/pravo\/opsti-zakoni\/\"><span class=\"more-msg\">Continue reading &rarr;<\/span><\/a><\/p>\n","protected":false},"author":1,"featured_media":0,"parent":9,"menu_order":0,"comment_status":"closed","ping_status":"closed","template":"","meta":[],"_links":{"self":[{"href":"http:\/\/sssstarapazova.org\/new\/wp-json\/wp\/v2\/pages\/10"}],"collection":[{"href":"http:\/\/sssstarapazova.org\/new\/wp-json\/wp\/v2\/pages"}],"about":[{"href":"http:\/\/sssstarapazova.org\/new\/wp-json\/wp\/v2\/types\/page"}],"author":[{"embeddable":true,"href":"http:\/\/sssstarapazova.org\/new\/wp-json\/wp\/v2\/users\/1"}],"replies":[{"embeddable":true,"href":"http:\/\/sssstarapazova.org\/new\/wp-json\/wp\/v2\/comments?post=10"}],"version-history":[{"count":70,"href":"http:\/\/sssstarapazova.org\/new\/wp-json\/wp\/v2\/pages\/10\/revisions"}],"predecessor-version":[{"id":7782,"href":"http:\/\/sssstarapazova.org\/new\/wp-json\/wp\/v2\/pages\/10\/revisions\/7782"}],"up":[{"embeddable":true,"href":"http:\/\/sssstarapazova.org\/new\/wp-json\/wp\/v2\/pages\/9"}],"wp:attachment":[{"href":"http:\/\/sssstarapazova.org\/new\/wp-json\/wp\/v2\/media?parent=10"}],"curies":[{"name":"wp","href":"https:\/\/api.w.org\/{rel}","templated":true}]}}